 = -5*h**3 + 8*h**2 + 5*h - 16. Let i(d) = -6*d**3 + 5*d - 5 + 8*d**2 - 1 - 9 - 2. Let p(b) = -6*i(b) + 7*q(b). Let w = 38 - 45. Determine p(w).
4
Let z(h) be the second derivative of 8*h - 1/20*h**5 + 0 - 4/3*h**3 + 2*h**2 + 2/3*h**4. Determine z(7).
-3
Suppose 5*l = 4*l - 2*g, 3*g = 5*l. Let m be (l + 1)/(9/27). Let v(r) = r**2 - 2*r - 3. Give v(m).
0
Let y(a) = a**2 - 10*a - 76. Let f be y(-5). Let k(q) = 29*q**2 - 2*q - 1. Give k(f).
30
Let l(z) = z**2 + 8*z + 2. Let a(d) be the second derivative of -d**4/12 - 4*d**3/3 - 3*d**2/2 + 7*d. Let w(f) = -5*a(f) - 6*l(f). Give w(-6).
15
Let c(m) be the third derivative of -m**4/6 + 7*m**3/3 - 95*m**2. Calculate c(6).
-10
Let h(k) = k**3 + 5*k**2 + k + 3. Let o be h(-5). Suppose 3*p - 18 = -6*p. Let j(x) = -x + 2*x - p*x + 2*x + 1. What is j(o)?
-1
Let c(t) = t**2 - 7*t + 3. Suppose 0 = 5*o - 136 - 29. Suppose 3*i + o = 6. Let s be (-2)/6 + (-57)/i. Determine c(s).
-3
Let m(c) = 93*c - 651. Let i be m(7). Let k(x) be the third derivative of i + 0*x - 7*x**2 - 1/24*x**4 - x**3. Determine k(-7).
1
Let b(h) be the second derivative of h**5/20 - h**4/2 - h**3/2 - 15*h**2/2 - 226*h - 2. Give b(7).
13
Let i(r) = -11 + 8 + 22 + 4*r - 7*r. Give i(9).
-8
Let f(d) = -2*d**3 + 3*d**2 - d - 1. Suppose 0*q - 7*q = -14. Determine f(q).
-7
Suppose -j + p = 2*j + 14, 5 = p. Let y(n) = n**2 + n + 2. Let k(i) = -2*i**2 - 2*i - 4. Let g(q) = j*k(q) - 7*y(q). Let o = -10 - -8. Determine g(o).
-4
Let d(p) be the first derivative of -5*p - 5/3*p**3 - 1/4*p**4 + 30 - 1/2*p**2. Determine d(-4).
-17
Let j(d) = d**3 + 2*d**2 - 5*d - 3. Let y be (-1 - -1)/(-5) - 0. Let r be 2 + (y - -3) + -9. Give j(r).
-15
Suppose -4*x + 23 = -k, 2*x + 11 = k + 26. Let f(z) = z**3 + 7*z**2 + 2*z - 12. Determine f(k).
-26
Let j = 27 - 33. Let n(d) = 2*d + 4. Let u(f) = -3*f - 4. Let p(g) = 4*n(g) + 3*u(g). Calculate p(j).
10
Let s(v) = 2*v + 9. Suppose -q - 4*q = 0. Suppose -4*f - 12 = q, 0*f + f = 4*g - 99. Suppose -2*b + b + 3*u - 6 = 0, 4*b - 5*u + g = 0. Calculate s(b).
-3
Let b(x) = 3 + 6 + 6 - 6*x + 3*x + x. What is b(8)?
-1
Let q(z) = -10*z**2 - 3*z**3 - 17 + 4*z**3 - 4 + 3*z + 3*z**2. Let a be q(7). Let n(l) = l**3 - l**2 + 2. Calculate n(a).
2
Let c(y) be the second derivative of -y**5/20 + y**4/12 - y**3/6 + 27*y**2 - 9*y. Let q be c(0). Let v(h) = -q*h - 2 + 53*h + 0 - 1. What is v(-7)?
4
Let w(k) be the first derivative of 1/3*k**3 - 5*k + 1/2*k**2 - 23. Give w(-4).
7
Let b(u) be the first derivative of -u**4/24 + u**3/6 - 17*u**2/2 + 20. Let r(w) be the second derivative of b(w). What is r(-1)?
2
Let x(m) = -12 - 4*m**2 - 3*m**2 - 6*m + 7*m**2 + m**2. Calculate x(7).
-5
Let u(p) be the third derivative of -14*p**2 - 1/2*p**3 + 0*p - 1/120*p**6 + 0 + 7/60*p**5 - 5/24*p**4. Give u(6).
3
Let f(b) = -409984*b - b**3 - 2 - 19 + 409983*b + b**2. Determine f(0).
-21
Suppose 0 = -3*q + 4*q + 2. Let c = q - 4. Let x(l) = l + 1. What is x(c)?
-5
Let u(o) = o**3 - 6*o**2 + 3*o. Let k(r) be the first derivative of r**4/2 - 4*r**3 + 7*r**2/2 + 9. Let i(d) = 3*k(d) - 5*u(d). Give i(5).
5
Let b be ((-12)/(-8))/((-2)/(-4)). Suppose b = 2*p - 7. Suppose 0*h = p*z + 2*h + 6, -12 = z + 4*h. Let j(q) = -q - 2. Give j(z).
-2
Let a(p) = p**3 + 6*p**2 + p + 1. Let v be a(-5). Let k(f) = 8 - v*f + 15*f + 8*f. Let m be k(-4). Let d(h) = -h**2 + h - 8. What is d(m)?
-8
Let h(t) = -6*t**2 + 26*t + 1 + 2*t**2 + t**3 - 22*t. Determine h(3).
4
Let u(c) = 8*c + 473 + 6*c**2 - 6*c**2 - 6*c**2 + c**3 - 478. Calculate u(5).
10
Let w(a) = -a - 2. Let j = 30 - 27. Suppose -4*x + j*x - 2 = 0. What is w(x)?
0
Let t(i) = -i**3 - 7*i**2 + 7*i - 8. Let p = 334 - 342. Calculate t(p).
0
Let l(t) = -2*t**3 - t**2 + t + 1. Let n be l(-1). Let h be (n - 1 - -1)*-2. Let m(j) = j - 1. Let z(v) = -6*v + 4. Let q(i) = 9*m(i) + 2*z(i). Give q(h).
5
Suppose 0 = 4*w - 12, 6*y + w = 4*y + 7. Let v(u) = 21 - u + y*u - 11 + 0*u. Suppose 9*f - 20 = 4*f, 4*g + 16 = 4*f. Give v(g).
10
Let w = -38 + 41. Let g(m) = 2 + m - 4*m - 4. Calculate g(w).
-11
Let r(o) = o**2 - o + 1. Let l be r(2). Let g(c) = -7 + 4*c - 5 - l*c. Let q be (4 + (248/(-28) - -4))*-7. Calculate g(q).
-6
Let m(b) = 3*b**2 - 1. Let g(k) = k**2. Let a(x) = 5*g(x) - m(x). Let q be (444/(-37)*(-1)/(-3))/2. Calculate a(q).
9
Let a = 1501 + -1488. Let j(y) = 4*y - 45. Give j(a).
7
Let x be 552/(-1380) + (-42)/(-5). Let c(o) = o - 11. Let p(i) = 2*i - 21. Let r(w) = 7*c(w) - 4*p(w). Determine r(x).
-1
Let f(c) = -c - 15. Suppose 0 = -44*d - 181 - 83. Give f(d).
-9
Let q be 96/15 - 8/20. Let k be (9/q)/((-9)/6). Let i = k + -1. Let f(s) = -4*s**2 - 2*s + 2. Give f(i).
-10
Let k(p) = -p**3 + 8*p**2 + 5*p + 12. Suppose 0 = -3*n - 2*o + 35, 0 = n - 4*n + 3*o + 15. Calculate k(n).
-24
Let o(u) = 87*u - 84*u + 1 + 3. Determine o(1).
7
Let i be (-3)/(-6) + (-14)/(-4). Let v(o) = 11*o - 21. Let j(q) = -2*q + 4. Let k(t) = -5*j(t) - v(t). What is k(i)?
-3
Let x(j) = -j**3 + 5*j**2 - 5*j + 5. Let v(n) = -3*n + 109 - 115 + 2*n. Let w be v(-10). Give x(w).
1
Let z be (-1)/(-3)*(4 + 2). Suppose -49 = -z*b - 43. Let t(h) = 0*h - h - h + 2. Give t(b).
-4
Let g(q) = q + 7. Suppose 2*y = -4*z + 354, 0 = -5*y - z + 357 + 501. Let h be y/(-15) - 12/20. Determine g(h).
-5
Let z(a) = a**2 + 3*a - 4. Suppose 3*k - 3 = 9. Suppose 104 - 4 = k*y. Suppose 4*m + y = -m. What is z(m)?
6
Let y(q) = -q**2 - 10*q - 15. Let s be 36/(-24)*2/(-1) - 13. Calculate y(s).
-15
Let s = 1351 - 1357. Let d(q) = -4 + 3*q**3 - 4*q**3 - 7*q**2 - 13*q + 4*q. Calculate d(s).
14
Let w be (24/560)/(36/14). Let g(p) be the third derivative of 0*p + 0 + 1/6*p**4 + w*p**5 + 2*p**2 + 1/6*p**3. Calculate g(-5).
6
Suppose 0 = -2*u - 3*u + 35. Let m(b) = b**2 - 10*b + 4. Let i(o) = -o**2 + 9*o - 3. Let t(x) = 4*i(x) + 3*m(x). Calculate t(u).
-7
Let p(m) be the first derivative of -m**4/4 + m**2/2 - m + 10. Let z(h) = -h. Let c = -1 - -1. Let q be z(c). Calculate p(q).
-1
Let i(j) = -3*j + 3. Suppose 49*u = 52*u. Give i(u).
3
Let k(v) = -v**2 + v. Let s(m) be the third derivative of -m**6/120 + m**4/3 - m**3/3 + m**2. Suppose 12 = 10*z - 6*z. Let n(o) = z*k(o) - s(o). Determine n(4).
-2
Let t(v) = v - 12. Suppose x - 5*s - 37 = 0, -5*x = -9*x - s + 43. Give t(x).
0
Let n(j) = -7*j + 3. Let x = 34 + -31. Suppose -x*h + 30 - 21 = 0. Calculate n(h).
-18
Let r(d) = -d**2 - 6*d + 6. Let a = -16 - -25. Let s = a + -16. Determine r(s).
-1
Let f(i) = 0*i**2 - 111*i - 3 + 218*i - 115*i - 1 + 2*i**2. Calculate f(4).
-4
Suppose 3*n - 2*v - 8 = 16, 0 = 4*v + 12. Let j(q) = -q**3 + 7*q**2 - 6*q + 5. Give j(n).
5
Let i(k) = 8 + k + 22 - 37. Give i(2).
-5
Let b(n) be the third derivative of -1/12*n**4 - 1/6*n**3 + 0 + 0*n - 17*n**2. Calculate b(3).
-7
Let i(l) be the first derivative of -l**3/3 - 3*l**2 + 8*l - 111. Calculate i(-6).
8
Suppose 4*r = -2 + 18. Let o(i) = i - 6*i**2 + 0*i**2 + r*i**2. Suppose 0 + 4 = -4*f. What is o(f)?
-3
Suppose -7*d + d + 12 = 0. Let c(b) = -2*b - 7*b + 4 - 16 - b**d + 5. Give c(-8).
1
Let q(m) = -m**2 - 7*m - 7. Let s be q(-7). Let r(l) = 148*l**2 + 4*l - 6. Let p(x) = -49*x**2 - 1. Let i(h) = -3*p(h) - r(h). Give i(s).
-12
Suppose 21 = -5*k + 2*j, -2*k - 2*j - j + 3 = 0. Let w(s) = -s**2 + 13*s - 44. Let y be w(5). Let r = k - y. Let n(p) = -15*p**2 - 2*p + 1. What is n(r)?
-16
Let p(g) be the second derivative of 0*g**2 - 1/6*g**3 - 4*g + 9/20*g**5 + 0 + 1/12*g**4. What is p(1)?
9
Let t(a) be the second derivative of a**5/20 + 5*a**4/12 + a**3/6 + 3*a**2/2 + a + 14. Calculate t(-5).
-2
Let t(y) = -29*y + 9. Let o(b) be the third derivative of -5*b**4/12 + b**3/2 + 18*b**2. Let p(q) = 17*o(q) - 6*t(q). Calculate p(2).
5
Let o(p) = 2*p**2 - 1. Let c = 7 - -1. Suppose 0 = n + 3*n - c. Suppose -n*l - 6 = -2. Calculate o(l).
7
Let t(g) = 2*g**2 - 9*g - 9. Suppose 5*i + 8 - 34 = 2*k, 0 = 5*i + 4*k - 38. Determine t(i).
9
Let x = -20 + 17. Let u be (-6 + 10)*(x + 5). Let q(y) = y**2 - 7*y - 7. Determine q(u).
1
Let p(v) = -v**2 + 22*v - 76. Let q be p(4). Let t(s) = s**2 + 6*s + 5. What is t(q)?
-3
Let s(h) = 5 + 34 - h**2 + 22 + 2*h - 23. Give s(7).
3
Let r(c) = -c**2 - 6*c - 2. Let a be r(-5). Suppose -5*k = -a*k - 8. Let y(z) = z**3 - 4*z**2 - 3*z - 2. Determine y(k).
-14
Suppose 2*j - 3*t = -2 - 4, 2*j - 2*t + 2 = 0. Let y(k) = 1 - 1 - 2*k + 3. Determine y(